?
False
Is 21531 composite?
True
Is 10783 a prime number?
False
Is 11113 a prime number?
True
Is 243227 a composite number?
False
Is 14741 composite?
False
Is 512597 prime?
True
Is 403439 prime?
True
Is 208991 composite?
False
Is 30337 a prime number?
False
Is 603719 prime?
True
Is 4561 composite?
False
Is 595319 prime?
True
Is 161303 a composite number?
False
Is 5791 a composite number?
False
Is 3899 a composite number?
True
Is 105727 a prime number?
True
Is 6521 prime?
True
Is 310091 a prime number?
True
Is 12359 prime?
False
Is 76697 composite?
False
Is 85889 a composite number?
False
Is 3607 prime?
True
Is 44981 a composite number?
True
Is 10559 a prime number?
True
Is 130901 prime?
False
Is 8609 composite?
False
Is 80839 prime?
False
Is 25015 a prime number?
False
Is 2258 a prime number?
False
Is 39361 a prime number?
False
Is 709 prime?
True
Is 13367 composite?
False
Is 37457 a composite number?
True
Is 356641 composite?
True
Is 3389 a prime number?
True
Is 28901 prime?
True
Is 10267 a prime number?
True
Is 19279 composite?
True
Is 4369 a composite number?
True
Is 15809 prime?
True
Is 19661 prime?
True
Is 41723 prime?
False
Is 599831 a composite number?
False
Is 47933 a composite number?
False
Is 30565 prime?
False
Is 2620219 prime?
False
Is 6609 prime?
False
Is 163 a composite number?
False
Is 51659 a prime number?
True
Is 56089 a composite number?
True
Is 120293 composite?
False
Is 30539 prime?
True
Is 4979 a composite number?
True
Is 8465 prime?
False
Is 164147 a composite number?
False
Is 92693 a prime number?
True
Is 745181 prime?
True
Is 3989 composite?
False
Is 2203 a composite number?
False
Is 183283 a prime number?
True
Is 767803 a composite number?
True
Is 5737 a prime number?
True
Is 1223957 composite?
True
Is 191987 prime?
False
Is 7829 composite?
False
Is 33703 a composite number?
False
Is 6079 a composite number?
False
Is 611791 composite?
False
Is 34 a prime number?
False
Is 287633 a composite number?
True
Is 1553 prime?
True
Is 80141 a prime number?
True
Is 61862 prime?
False
Is 11777 prime?
True
Is 18713 composite?
False
Is 510989 a prime number?
True
Is 16597 composite?
True
Is 150263 a prime number?
False
Is 3691 composite?
False
Is 599 composite?
False
Is 34211 prime?
True
Is 474619 a prime number?
True
Is 5401 a composite number?
True
Is 10198 a composite number?
True
Is 503 a composite number?
False
Is 239263 a prime number?
True
Is 1365203 a prime number?
False
Is 5297 prime?
True
Is 31361 a prime number?
False
Is 961 a prime number?
False
Is 20231 composite?
False
Is 7603 prime?
True
Is 182769 a composite number?
True
Is 319 a prime number?
False
Is 58039 a composite number?
True
Is 16519 composite?
False
Is 36671 composite?
False
Is 256429 composite?
True
Is 231961 a composite number?
False
Is 220067 prime?
False
Is 64747 a composite number?
False
Is 1523219 a prime number?
True
Is 82583 a prime number?
False
Is 35194 a composite number?
True
Is 159667 prime?
True
Is 82439 a composite number?
True
Is 375713 prime?
False
Is 19801 composite?
False
Is 6599 a prime number?
True
Is 15693 a composite number?
True
Is 972583 a prime number?
False
Is 1031039 prime?
False
Is 78539 prime?
True
Is 1987 a composite number?
False
Is 236023 composite?
True
Is 1125949 a prime number?
False
Is 1518427 composite?
False
Is 924311 a composite number?
True
Is 166909 a composite number?
False
Is 50359 a prime number?
True
Is 376351 prime?
True
Is 5909 a prime number?
False
Is 125129 prime?
False
Is 227434 a composite number?
True
Is 550241 a prime number?
True
Is 329401 prime?
True
Is 46747 a composite number?
False
Is 1531 a composite number?
False
Is 360049 composite?
False
Is 573 prime?
False
Is 201523 a composite number?
True
Is 55799 a composite number?
False
Is 677717 composite?
False
Is 21418 a composite number?
True
Is 26329 a prime number?
False
Is 103 prime?
True
Is 5801 composite?
False
Is 18349 a prime number?
False
Is 9689 composite?
False
Is 34981 composite?
False
Is 4559 prime?
False
Is 61331 prime?
True
Is 16543 prime?
False
Is 322453 composite?
True
Is 148663 a composite number?
False
Is 59051 a composite number?
False
Is 1247137 a prime number?
False
Is 48611 prime?
True
Is 37865 a composite number?
True
Is 14777 composite?
True
Is 18299 a prime number?
False
Is 48599 a composite number?
True
Is 6421 composite?
False
Is 11553 prime?
False
Is 304117 prime?
False
Is 16877 prime?
False
Is 3051357 a prime number?
False
Is 50395 a prime number?
False
Is 2807 a composite number?
True
Is 865409 prime?
True
Is 45943 prime?
True
Is 18695 prime?
False
Is 2627 composite?
True
Is 3793 prime?
True
Is 12797 composite?
True
Is 3802 composite?
True
Is 59 prime?
True
Is 161659 prime?
True
Is 88285 a composite number?
True
Is 8407 a prime number?
False
Is 878 composite?
True
Is 69607 a composite number?
True
Is 15527 prime?
True
Is 60343 composite?
False
Is 370633 a composite number?
True
Is 1185941 a prime number?
False
Is 8779 composite?
False
Is 10783 composite?
True
Is 12689 a composite number?
False
Is 41579 a prime number?
True
Is 899579 composite?
True
Is 101753 prime?
False
Is 759587 prime?
False
Is 10033 composite?
True
Is 8147 a composite number?
False
Is 132661 prime?
True
Is 23969 a composite number?
True
Is 175937 a composite number?
False
Is 659 a composite number?
False
Is 189823 a composite number?
False
Is 13987 composite?
True
Is 9103 a prime number?
True
Is 1727 a composite number?
True
Is 403223 composite?
True
Is 27831 a composite number?
True
Is 2159 a composite number?
True
Is 196634 a prime number?
False
Is 12898 prime?
False
Is 3377 prime?
False
Is 38667 prime?
False
Is 21379 a composite number?
False
Is 5629 a composite number?
True
Is 471241 a prime number?
True
Is 99101 a composite number?
True
Is 12407 a prime number?
False
Is 378949 a composite number?
False
Is 18485 a prime number?
False
Is 170615 composite?
True
Is 5539 composite?
True
Is 28973 composite?
True
Is 15869 prime?
False
Is 227363 prime?
True
Is 17183 a prime number?
True
Is 15634 a prime number?
False
Is 191 prime?
True
Is 1913381 a composite number?
True
Is 5381 prime?
True
Is 32183 a composite number?
False
Is 6319 a prime number?
False
Is 253571 composite?
True
Is 43661 composite?
False
Is 16811 a prime number?
True
Is 88721 composite?
False
Is 2948449 a composite number?
True
Is 5471 a composite number?
False
Is 27479 prime?
True
Is 3046 a prime number?
False
Is 65 composite?
True
Is 4621 prime?
True
Is 625553 prime?
False
Is 6737 composite?
False
Is 76091 composite?
False
Is 13811 a composite number?
True
Is 738677 composite?
False
Is 1903 composite?
True
Is 211 a prime number?
True
Is 25735 composite?
True
Is 361255 a prime number?
False
Is 230849 a composite number?
False
Is 311447 composite?
False
Is 13303 composite?
True
Is 5357 composite?
True
Is 80423 composite?
True
Is 2281613 composite?
True
Is 38417 prime?
False
Is 102917 composite?
True
Is 565 composite?
True
Is 3565795 a composite number?
True
Is 8031 composite?
True
Is 417259 prime?
False
Is 286807 a composite number?
True
Is 424277 prime?
False
Is 8563 a composite number?
False
Is 272299 composite?
False
Is 22961 prime?
True
Is 22613 a prime number?
True
Is 250129 composite?
True
Is 71549 a prime number?
True
Is 465807 a prime number?
False
Is 23789 a prime number?
True
Is 384089 a composite number?
False
Is 56891 composite?
False
Is 1772353 prime?
False
Is 293633 a prime number?
True
Is 4049 a composite number?
False
Is 1477 prime?
False
Is 1409 composite?
False
Is 70159 a composite number?
True
Is 1456183 a prime number?
False
Is 2368861 prime?
False
Is 5261 composite?
False
Is 254057 composite?
True
Is 28727 prime?
False
Is 416495 a composite number?
True
Is 113621 a composite number?
False
Is 55091 prime?
False
Is 3866171 a prime number?
True
Is 113789 composite?
True
Is 72337 composite?
False
Is 18859 a prime number?
True
Is 136663 a composite number?
True
Is 2161 a composite number?
False
Is 551069 composite?
False
Is 6443 composite?
True
Is 5579 prime?
False
Is 193067 a composite number?
True
Is 21055 composite?
True
Is 48017 a prime number?
True
Is 13027 composite?
True
Is 50239 composite?
True
Is 69 composite?
True
Is 3613 a prime number?
True
Is 701 a prime n